site number?
False
Let o be (-4)/6 - (-22)/33. Let r be 2/(-3)*(5 + -2). Is r/(o + 2) - -8 a prime number?
True
Let t be -36*11*2/(-8). Suppose -124 = -5*c + 141. Suppose -h - 3*m + c = 0, 2*h + m - 7 = t. Is h composite?
False
Suppose y - 2 - 2 = k, -2*y = -3*k - 4. Let l be -1*(-4)/(-6)*3. Is 150/y + l/(-8) a composite number?
False
Let a(n) = n**3 + n. Let t be a(1). Let s(h) = h**3 - 2*h**2 + 2*h - 2. Is s(t) a composite number?
False
Suppose 6 - 2 = n. Suppose -18 = -n*g - 5*i, -3*i - 4 = -5*i. Suppose -5*w + 321 = -o, g*w = 3*w - 5*o - 45. Is w a composite number?
True
Is 126 + (-4)/4 - -2 a composite number?
False
Let u = -567 - -998. Is u a composite number?
False
Let j be ((-956)/8)/(1/(-2)). Suppose -t + 5 = 0, -2*o - j = -4*o + 3*t. Is o composite?
False
Suppose -49*d + 53*d - 4156 = 0. Is d a composite number?
False
Suppose 3*h - 18 = -51. Let b = 15 + h. Is b a prime number?
False
Let b(u) = -u**3 - u**2 - u + 6. Let g = 10 + -17. Is b(g) a prime number?
True
Let h = 0 - -2. Suppose y = -h*b + 68, 3*b = y + 41 - 124. Is y a prime number?
False
Let z(c) = -c**2 + 31*c - 13. Is z(12) a prime number?
False
Let c(y) = -9*y - 1. Is c(-3) composite?
True
Let p(b) = b**2 - 7*b - 5. Let d be p(5). Let r be 4*3*(-5)/d. Is (9/2)/(2/r) prime?
False
Let p(c) = 113*c**2 + 2*c - 1. Is p(-2) a prime number?
False
Suppose 305 = -4*l - 307. Let z = -86 - l. Is z prime?
True
Let l be -2*((0 - 0) + -1). Suppose 1 = 4*a + z - l, -9 = -2*a - 3*z. Suppose a = h - 3, b + h - 88 = -2*h. Is b a composite number?
False
Suppose -3*m + 4*w = -9263, 3*m - w + 6*w = 9299. Is m a prime number?
False
Let j(m) = m**3 - 4*m**2 - 5*m - 38. Is j(7) a prime number?
False
Let j be 6/((-1)/18*-3). Suppose 0*y + 30 = y + 4*n, -j = -2*y + 4*n. Is y composite?
True
Let c = 17 + -14. Let y(w) = -w**2 + 9*w + 4. Let r be y(8). Suppose -4*g + c*n = -88, -2*g + r + 34 = -n. Is g a prime number?
False
Suppose 5*w - 5*x - 2860 = 0, 4 - 7 = 3*x. Is w prime?
True
Let c be 2/(-6) - (-5008)/(-6). Let t = c + -231. Is t/(-18) - (-4)/(-18) a composite number?
False
Suppose -w = -4 - 2. Is w prime?
False
Let i be (-5)/(15/12)*-1. Suppose -i*n - 25 = -209. Is n prime?
False
Let x(p) = -p + 16. Let n be x(14). Suppose 0 = -5*w - 4*g + 990 + 2823, -g + n = 0. Is w a composite number?
False
Let d = -597 - -904. Is d a prime number?
True
Suppose 4*q + 189 = -139. Let v = -51 - q. Is v a prime number?
True
Suppose 0*c + 2*c - 158 = 0. Is c prime?
True
Let p = -12 - 17. Let i = 55 + p. Is i prime?
False
Let h = -671 + 1005. Let g = 262 + h. Suppose g = 4*k - 0*k. Is k composite?
False
Suppose z + 3*z - 15 = -t, -4*t - z + 15 = 0. Let g be (-8)/(-1) - t/1. Suppose 0 = -g*y + 39 + 146. Is y a prime number?
True
Let n(o) be the third derivative of o**5/30 + 5*o**4/24 + o**3/3 + 4*o**2. Let q be n(-4). Is 1082/q - 4/14 prime?
False
Suppose 5*t - 21 + 1 = 0. Let y be 1/t + 268/16. Let q = y - 10. Is q prime?
True
Let f = -3 - -3. Suppose -4*n + 4 = -2*n. Suppose f = 3*v - 10 - n. Is v a prime number?
False
Suppose 7*j = 3*q + 4*j - 18, -5*j = -3*q + 12. Suppose -o = -3*a + 2*o + q, -15 = -4*a + o. Suppose 0 = a*s - 3*x - 13, 3*s + 4*x = 8 + 8. Is s prime?
False
Is 12/54 + ((-10983)/27)/(-1) a composite number?
True
Suppose 4*q = -b + 34250, -5*q + 3*b = -0*b - 42821. Is q a prime number?
True
Let l(u) = -180*u**3 + 7*u**2 + 2. Let f(t) = 6*t**2 - 3*t**2 + 12*t**3 - 102*t**3 + 1. Let g(c) = -7*f(c) + 3*l(c). Is g(1) composite?
False
Suppose 4*b - 1112 = -0*b - 4*f, 0 = b - 2*f - 266. Is b prime?
False
Let c be -4 + (3 - 4)*561. Let b = -270 - c. Is b composite?
True
Suppose -6*y = -3*y - 54. Is 1606/18 + y/(-81) a prime number?
True
Suppose -3*u = -2043 - 549. Suppose 4*t - 148 = u. Is t a composite number?
True
Let q(n) = n**3 + 10*n**2 + 9*n + 7. Let m be (-1)/(-4) + 37/(-4). Is q(m) prime?
True
Let i(l) = l**3 - 2*l**2 - 3*l - 7. Is i(5) prime?
True
Let t(s) be the third derivative of -s**7/1680 + s**6/60 + s**5/30 + 2*s**2. Let v(x) be the third derivative of t(x). Is v(-9) a composite number?
True
Suppose -2*w - 10 = 0, 3*w = -2*l + w - 2. Suppose 22 = l*q - 190. Is q a composite number?
False
Let r(q) = q**2 + 7*q - 7. Let g = 19 - 11. Is r(g) a composite number?
False
Let x(f) = -3*f**3 - 7*f**2 - 25. Is x(-12) a prime number?
False
Let m(p) = 3*p**2 - 1. Let k be m(1). Suppose -5*c = 2*y - k + 24, 3*c + 7 = 5*y. Let h(t) = 2*t**2 - 6*t - 3. Is h(c) prime?
True
Suppose -3*n - 3*d + 1762 = -638, -n - 3*d = -806. Is n a composite number?
False
Suppose -24476 = 8*g - 72612. Is g a composite number?
True
Let f = 59 + 9. Let n be f/16 - 6/(-8). Let t(l) = l**3 - l**2 - 8*l + 7. Is t(n) a composite number?
False
Let h = 10 - 6. Suppose -f + h*f - 182 = -2*p, 5*p = 5. Suppose 0 = 2*k - 4*x - 58, 0 = -2*k + 5*x + f. Is k a composite number?
True
Let u = 877 - 70. Is u a composite number?
True
Let x(r) be the first derivative of -7*r**2/2 - 3. Is x(-3) a prime number?
False
Let h(x) = -8*x + 1. Let k(q) be the second derivative of q**2/2 - 2*q. Let y(d) = -h(d) + 2*k(d). Is y(6) composite?
True
Let b = 2 + -4. Let o = 5 - b. Suppose -3*a - 136 = -o*a. Is a a prime number?
False
Let i(a) be the third derivative of a**6/120 - a**5/10 + 5*a**4/24 + a**3/3 + 2*a**2. Is i(5) composite?
False
Suppose 4*t - 3*h - 10 = 0, -3*t + 0 + 22 = 5*h. Suppose 0 = -4*z + t*p + 16, 3*z - 12 = 4*p - 7*p. Is (z/5)/(2/35) prime?
False
Let l(m) = 4*m + 3. Let y be -2 + -4 + 3 + 4. Is l(y) a prime number?
True
Let g be (3/4)/(-1)*-56. Let t be (12/(-9))/((-4)/g). Suppose 3 = -k + t. Is k prime?
True
Let o = 2016 + -1195. Is o a composite number?
False
Let c = 221 + 36. Is c a prime number?
True
Let m = -2 - -4. Suppose u + m*u = 3069. Suppose s - 4*s + u = 0. Is s prime?
False
Let p = 2120 + -894. Is p*((-4)/8 - -1) composite?
False
Let y = 3 + 1. Suppose y*u - 2*u - 54 = 0. Suppose h + u = 2*a, 2*a - 5*h - 11 = 12. Is a prime?
False
Let p = -3 + 6. Suppose 0 = -5*b + p*f + 26, b - 5*f - 6 = 2*b. Is b a composite number?
True
Suppose -2*j - 15 = 5*o, -3*j + 3*o = o - 6. Let v(h) = h + 3. Let d be v(j). Suppose -w + 3*w = d*a - 417, -4*a + 4*w = -552. Is a a composite number?
True
Suppose 2 = -2*p - 2. Is p/(-14) - (-1866)/21 a composite number?
False
Suppose -3*p = 2*x - 19, 4*x - 17 + 4 = -p. Suppose -h = -x - 1. Suppose 0*l + z = 4*l - 54, 0 = h*l - 3*z - 36. Is l a composite number?
True
Let p(y) = 2*y + 43. Is p(18) a composite number?
False
Let n = 10 - 6. Suppose n*h + 11 = -h - 3*w, h - 4*w + 16 = 0. Is (37/h)/((-4)/16) composite?
False
Suppose 5*c + 3*f - 204 = 0, -2*f + 0*f = -3*c + 111. Suppose -5*m = 2*n - 4 - 22, -2*m = -3*n + c. Is n composite?
False
Let a(t) = -t**2 - 11*t + 32. Is a(-13) composite?
True
Suppose 5*t - 739 = 6. Is t prime?
True
Suppose 0 = 3*s - 3 - 0. Let f(a) = 162*a + 1. Is f(s) prime?
True
Suppose -4*d - 192 = 2*d. Let a = 5 - d. Is a a composite number?
False
Suppose -3*d = -d, -y + 641 = 2*d. Is y a prime number?
True
Suppose -13*d + 19*d = 22974. Is d a prime number?
False
Let h = 6 - -29. Is h a prime number?
False
Let k = -9 - -4. Let r be ((-1)/k)/(2/10). Suppose -r = -p + 14. Is p a composite number?
True
Let g(v) = 2*v - 4 + 0*v - 1. Suppose -27 + 43 = 2*p. Is g(p) a prime number?
True
Suppose -5*p - 49 = -0*m + 4*m, 3*p + 45 = -5*m. Let b = 8 - m. Is b a composite number?
True
Let j(l) = 744*l**2 + 2*l - 1. Let y be j(1). Suppose -4*u = u - y. Is u composite?
False
Let w(b) = 2*b**2 + 3*b + 4. Let s(a) = a**3 + 6*a**2 + 4. Let x be s(-6). Suppose -3 = -2*q - 13, x*d - 5 = -3*q. Is w(d) prime?
False
Suppose -5*f - 44 = 4*q, -2*q + f = -3*q - 10. Is 18/5*(-15)/q a composite number?
True
Suppose -4584 + 23015 = 7*g. Is g prime?
True
Suppose 5*n - 5 = 0, -5*i - 3*n = -2 - 46. Suppose -2*a + i = a. Suppose k + 293 = 2*f, -a*k - 154 = -f - 0*k. Is f prime?
False
Suppose 3*f - 5*f = 0. Suppose -v - 2*v + 255 = f. Is v prime?
False
Let i = 3 + -5. Let c = i - -6. Suppose -c*r + 51 = -4*v + 7, 5*r - 27 = -2*v. Is r prime?
True
Let w(d) be the third derivative of -d**6/60 - 7*d**5/60 + 7*d**4/24 - d**3 + d**2. Let c be w(-6). Suppose c = 3*i - 105. Is i a prime number?
True
Is 3/2 - (-1404)/8 composite?
True
Is ((-1)/4*-2)/((-3)/(-4854)) composite?
False
Suppose -o + 238 = 4*b, -4*b - 